{"id":510,"date":"2019-04-26T09:45:34","date_gmt":"2019-04-26T09:45:34","guid":{"rendered":"http:\/\/artangi.is\/?page_id=510"},"modified":"2019-05-01T12:57:57","modified_gmt":"2019-05-01T12:57:57","slug":"sitronu-timian","status":"publish","type":"page","link":"http:\/\/artangi.is\/index.php\/kryddjurtir\/timian\/sitronu-timian\/","title":{"rendered":"S\u00edtr\u00f3nutim\u00edan"},"content":{"rendered":"\n<div class=\"wp-block-image\"><figure class=\"aligncenter\"><a href=\"http:\/\/artangi.is\/wp-content\/uploads\/2019\/04\/sitrtim.png\" target=\"_blank\" rel=\"noreferrer noopener\"><img loading=\"lazy\" decoding=\"async\" width=\"640\" height=\"480\" src=\"http:\/\/artangi.is\/wp-content\/uploads\/2019\/04\/sitrtim.png\" alt=\"\" class=\"wp-image-626\" srcset=\"http:\/\/artangi.is\/wp-content\/uploads\/2019\/04\/sitrtim.png 640w, http:\/\/artangi.is\/wp-content\/uploads\/2019\/04\/sitrtim-300x225.png 300w\" sizes=\"(max-width: 640px) 100vw, 640px\" \/><\/a><\/figure><\/div>\n\n\n\n<h5 class=\"wp-block-heading\">S\u00edtr\u00f3nutim\u00edan er l\u00edkt og venjulegt Tim\u00edan uppruni\u00f0 \u00ed Evr\u00f3pu,\nnor\u00f0ur Afr\u00edku og As\u00edu. Tali\u00f0 er a\u00f0 s\u00edtr\u00f3nutim\u00edan hafi fundist \u00ed upphafi 19.\naldar e\u00f0a um 1811.<\/h5>\n\n\n\n<h5 class=\"wp-block-heading\">S\u00edtr\u00f3nutim\u00edan ver\u00f0ur um 20-40 cm h\u00e1tt og um 30 cm \u00ed umm\u00e1l, og\nl\u00edtur svol\u00edti\u00f0 \u00fat eins og l\u00edtil \u00fe\u00fafa. Bl\u00f6\u00f0in eru lj\u00f3sgr\u00e6n og spor\u00f6skjulaga allt\nfr\u00e1 4-20mm a\u00f0 lengd. Bl\u00f3min geta veri\u00f0 bleik e\u00f0a lavender-bl\u00e1 og eru algert\ng\u00f3\u00f0g\u00e6ti fyrir hunangsflugur og fi\u00f0rildi.<\/h5>\n\n\n\n<h5 class=\"wp-block-heading\">Notkun s\u00edtr\u00f3nutim\u00edans er mj\u00f6g svipu\u00f0 og \u00e1 venjulegu tim\u00edan.\n\u00dea\u00f0 er gott \u00e1 kj\u00f6t, fisk, fuglakj\u00f6t, gr\u00e6nmetisr\u00e9tti, s\u00fapur, heitar og kaldar\ns\u00f3sur, kryddol\u00edur og \u00ed te.<\/h5>\n","protected":false},"excerpt":{"rendered":"<p>S\u00edtr\u00f3nutim\u00edan er l\u00edkt og venjulegt Tim\u00edan uppruni\u00f0 \u00ed Evr\u00f3pu, nor\u00f0ur Afr\u00edku og As\u00edu. Tali\u00f0 er a\u00f0 s\u00edtr\u00f3nutim\u00edan hafi fundist \u00ed upphafi 19. aldar e\u00f0a um 1811. S\u00edtr\u00f3nutim\u00edan ver\u00f0ur um 20-40 cm h\u00e1tt og um 30 cm \u00ed umm\u00e1l, og l\u00edtur svol\u00edti\u00f0 \u00fat eins og l\u00edtil \u00fe\u00fafa. Bl\u00f6\u00f0in eru lj\u00f3sgr\u00e6n og spor\u00f6skjulaga allt fr\u00e1 4-20mm a\u00f0 [&hellip;]<\/p>\n","protected":false},"author":1,"featured_media":0,"parent":507,"menu_order":0,"comment_status":"closed","ping_status":"closed","template":"","meta":{"_monsterinsights_skip_tracking":false,"_monsterinsights_sitenote_active":false,"_monsterinsights_sitenote_note":"","_monsterinsights_sitenote_category":0,"footnotes":""},"aioseo_notices":[],"_links":{"self":[{"href":"http:\/\/artangi.is\/index.php\/wp-json\/wp\/v2\/pages\/510"}],"collection":[{"href":"http:\/\/artangi.is\/index.php\/wp-json\/wp\/v2\/pages"}],"about":[{"href":"http:\/\/artangi.is\/index.php\/wp-json\/wp\/v2\/types\/page"}],"author":[{"embeddable":true,"href":"http:\/\/artangi.is\/index.php\/wp-json\/wp\/v2\/users\/1"}],"replies":[{"embeddable":true,"href":"http:\/\/artangi.is\/index.php\/wp-json\/wp\/v2\/comments?post=510"}],"version-history":[{"count":4,"href":"http:\/\/artangi.is\/index.php\/wp-json\/wp\/v2\/pages\/510\/revisions"}],"predecessor-version":[{"id":821,"href":"http:\/\/artangi.is\/index.php\/wp-json\/wp\/v2\/pages\/510\/revisions\/821"}],"up":[{"embeddable":true,"href":"http:\/\/artangi.is\/index.php\/wp-json\/wp\/v2\/pages\/507"}],"wp:attachment":[{"href":"http:\/\/artangi.is\/index.php\/wp-json\/wp\/v2\/media?parent=510"}],"curies":[{"name":"wp","href":"https:\/\/api.w.org\/{rel}","templated":true}]}}

Sítrónutimían

<div class="wp-block-image"><figure class="aligncenter"><a href="http://artangi.is/wp-content/uploads/2019/04/sitrtim.png" target="_blank" rel="noreferrer noopener"><img loading="lazy" decoding="async" width="640" height="480" src="http://artangi.is/wp-content/uploads/2019/04/sitrtim.png" alt="" class="wp-image-626" srcset="http://artangi.is/wp-content/uploads/2019/04/sitrtim.png 640w, http://artangi.is/wp-content/uploads/2019/04/sitrtim-300x225.png 300w" sizes="(max-width: 640px) 100vw, 640px" /></a></figure></div>



<h5 class="wp-block-heading">Sítrónutimían er líkt og venjulegt Timían upprunið í Evrópu,
norður Afríku og Asíu. Talið er að sítrónutimían hafi fundist í upphafi 19.
aldar eða um 1811.</h5>



<h5 class="wp-block-heading">Sítrónutimían verður um 20-40 cm hátt og um 30 cm í ummál, og
lítur svolítið út eins og lítil þúfa. Blöðin eru ljósgræn og sporöskjulaga allt
frá 4-20mm að lengd. Blómin geta verið bleik eða lavender-blá og eru algert
góðgæti fyrir hunangsflugur og fiðrildi.</h5>



<h5 class="wp-block-heading">Notkun sítrónutimíans er mjög svipuð og á venjulegu timían.
Það er gott á kjöt, fisk, fuglakjöt, grænmetisrétti, súpur, heitar og kaldar
sósur, kryddolíur og í te.</h5>

<p>Sítrónutimían er líkt og venjulegt Timían upprunið í Evrópu, norður Afríku og Asíu. Talið er að sítrónutimían hafi fundist í upphafi 19. aldar eða um 1811. Sítrónutimían verður um 20-40 cm hátt og um 30 cm í ummál, og lítur svolítið út eins og lítil þúfa. Blöðin eru ljósgræn og sporöskjulaga allt frá 4-20mm að [&hellip;]</p>
