{"id":437,"date":"2019-04-25T17:13:29","date_gmt":"2019-04-25T17:13:29","guid":{"rendered":"http:\/\/artangi.is\/?page_id=437"},"modified":"2019-05-01T12:49:21","modified_gmt":"2019-05-01T12:49:21","slug":"griskur-karsi","status":"publish","type":"page","link":"https:\/\/artangi.is\/index.php\/kryddjurtir\/griskur-karsi\/","title":{"rendered":"Gr\u00edskur karsi"},"content":{"rendered":"\n<div class=\"wp-block-image\"><figure class=\"aligncenter\"><a href=\"http:\/\/artangi.is\/wp-content\/uploads\/2019\/04\/griskur.png\" target=\"_blank\" rel=\"noreferrer noopener\"><img loading=\"lazy\" decoding=\"async\" width=\"480\" height=\"640\" src=\"http:\/\/artangi.is\/wp-content\/uploads\/2019\/04\/griskur.png\" alt=\"\" class=\"wp-image-630\" srcset=\"https:\/\/artangi.is\/wp-content\/uploads\/2019\/04\/griskur.png 480w, https:\/\/artangi.is\/wp-content\/uploads\/2019\/04\/griskur-225x300.png 225w\" sizes=\"(max-width: 480px) 100vw, 480px\" \/><\/a><\/figure><\/div>\n\n\n\n<h5 class=\"wp-block-heading\">Gr\u00edskur karsi e\u00f0a Gar\u00f0akarsi vex a\u00f0 mestu \u00ed Englandi,\nFrakklandi, Hollandi og Skandinav\u00edu. L\u00edkt og a\u00f0rar t\u00fdpur af karsa \u00fearf \u00feessi\nplanta mikla v\u00f6kvun. Gr\u00edskur karsi er brag\u00f0meiri og hefur sterkari ilm en\nvatnakarsi og getur minnt svol\u00edti\u00f0 \u00e1 pipargras e\u00f0a sinnepsgras.<\/h5>\n\n\n\n<h5 class=\"wp-block-heading\">Gr\u00edskur karsi n\u00e6r allt a\u00f0 60 cm h\u00e6\u00f0 og bl\u00f3min ver\u00f0a 2 mm \u00ed\n\u00feverm\u00e1l \u00ed litlum \u00feyrpingum. Venjulega er mesta uppskeran vi\u00f0 5-13 cm h\u00e6\u00f0 e\u00f0a um\ntveimur vikum eftir a\u00f0 \u00feeim er s\u00e1\u00f0.<\/h5>\n\n\n\n<h5 class=\"wp-block-heading\">Karsinn er nota\u00f0ur \u00ed s\u00fapur, samlokur og sal\u00f6t. Hann er l\u00edka\nmj\u00f6g g\u00f3\u00f0ur \u00e1 samlokur me\u00f0 so\u00f0num eggjum.<\/h5>\n","protected":false},"excerpt":{"rendered":"<p>Gr\u00edskur karsi e\u00f0a Gar\u00f0akarsi vex a\u00f0 mestu \u00ed Englandi, Frakklandi, Hollandi og Skandinav\u00edu. L\u00edkt og a\u00f0rar t\u00fdpur af karsa \u00fearf \u00feessi planta mikla v\u00f6kvun. Gr\u00edskur karsi er brag\u00f0meiri og hefur sterkari ilm en vatnakarsi og getur minnt svol\u00edti\u00f0 \u00e1 pipargras e\u00f0a sinnepsgras. Gr\u00edskur karsi n\u00e6r allt a\u00f0 60 cm h\u00e6\u00f0 og bl\u00f3min ver\u00f0a 2 mm [&hellip;]<\/p>\n","protected":false},"author":1,"featured_media":0,"parent":350,"menu_order":0,"comment_status":"closed","ping_status":"closed","template":"","meta":{"_monsterinsights_skip_tracking":false,"_monsterinsights_sitenote_active":false,"_monsterinsights_sitenote_note":"","_monsterinsights_sitenote_category":0,"footnotes":""},"aioseo_notices":[],"_links":{"self":[{"href":"https:\/\/artangi.is\/index.php\/wp-json\/wp\/v2\/pages\/437"}],"collection":[{"href":"https:\/\/artangi.is\/index.php\/wp-json\/wp\/v2\/pages"}],"about":[{"href":"https:\/\/artangi.is\/index.php\/wp-json\/wp\/v2\/types\/page"}],"author":[{"embeddable":true,"href":"https:\/\/artangi.is\/index.php\/wp-json\/wp\/v2\/users\/1"}],"replies":[{"embeddable":true,"href":"https:\/\/artangi.is\/index.php\/wp-json\/wp\/v2\/comments?post=437"}],"version-history":[{"count":4,"href":"https:\/\/artangi.is\/index.php\/wp-json\/wp\/v2\/pages\/437\/revisions"}],"predecessor-version":[{"id":802,"href":"https:\/\/artangi.is\/index.php\/wp-json\/wp\/v2\/pages\/437\/revisions\/802"}],"up":[{"embeddable":true,"href":"https:\/\/artangi.is\/index.php\/wp-json\/wp\/v2\/pages\/350"}],"wp:attachment":[{"href":"https:\/\/artangi.is\/index.php\/wp-json\/wp\/v2\/media?parent=437"}],"curies":[{"name":"wp","href":"https:\/\/api.w.org\/{rel}","templated":true}]}}