{"id":471,"date":"2019-04-26T09:17:22","date_gmt":"2019-04-26T09:17:22","guid":{"rendered":"http:\/\/artangi.is\/?page_id=471"},"modified":"2019-05-01T12:53:00","modified_gmt":"2019-05-01T12:53:00","slug":"salvia","status":"publish","type":"page","link":"https:\/\/artangi.is\/index.php\/kryddjurtir\/salvia\/","title":{"rendered":"Salv\u00eda"},"content":{"rendered":"\n<div class=\"wp-block-image\"><figure class=\"aligncenter\"><a href=\"http:\/\/artangi.is\/wp-content\/uploads\/2019\/04\/salvia1.png\" target=\"_blank\" rel=\"noreferrer noopener\"><img loading=\"lazy\" decoding=\"async\" width=\"640\" height=\"480\" src=\"http:\/\/artangi.is\/wp-content\/uploads\/2019\/04\/salvia1.png\" alt=\"\" class=\"wp-image-616\" srcset=\"https:\/\/artangi.is\/wp-content\/uploads\/2019\/04\/salvia1.png 640w, https:\/\/artangi.is\/wp-content\/uploads\/2019\/04\/salvia1-300x225.png 300w\" sizes=\"(max-width: 640px) 100vw, 640px\" \/><\/a><\/figure><\/div>\n\n\n\n<h5 class=\"wp-block-heading\">Salv\u00eda \u00e1\nuppruna sinn \u00ed Mexik\u00f3. Salv\u00eda vex \u00ed skj\u00f3lg\u00f3\u00f0um bj\u00f6rtum g\u00f6r\u00f0um. Salv\u00eda hefur\nveri\u00f0 notu\u00f0 miki\u00f0 til l\u00e6kninga, \u00ed kjarnaol\u00edur, reykelsi og ilmbl\u00f6ndur. H\u00fan\ngetur veri\u00f0 notu\u00f0 til a\u00f0 hreinsa burt illa anda. Keltar tr\u00fa\u00f0u \u00fev\u00ed a\u00f0 jurtin\nhef\u00f0i \u00fea\u00f0 mikinn m\u00e1tt a\u00f0 h\u00fan g\u00e6ti reist menn fr\u00e1 dau\u00f0um.<\/h5>\n\n\n\n<h5 class=\"wp-block-heading\">Salv\u00eda er s\u00edgr\u00e6n og fj\u00f6l\u00e6r og getur lifa\u00f0 m\u00f6rg \u00e1r ef h\u00fan f\u00e6r vetrarskj\u00f3l. Plantan getur or\u00f0i\u00f0 yfir 1 m \u00e1 h\u00e6\u00f0 og bl\u00f6\u00f0in geta or\u00f0i\u00f0 10-30 cm l\u00f6ng. Bl\u00f3min vaxa \u00ed sp\u00edral, 6 bl\u00f3m saman, sem getur or\u00f0i\u00f0 30 cm \u00e1 h\u00e6\u00f0. \u00deau eru hv\u00edt \u00ed lj\u00f3sfj\u00f3lubl\u00e1um bikar. <\/h5>\n\n\n\n<h5 class=\"wp-block-heading\">Salv\u00eda er a\u00f0 mestu notu\u00f0 \u00ed fuglar\u00e9tti t.a.m. \u00ed fyllingar, H\u00fan er mj\u00f6g g\u00f3\u00f0 me\u00f0 \u00f6llu kj\u00f6ti og \u00ed pottr\u00e9tti. <\/h5>\n\n\n\n<p> <br><a rel=\"noreferrer noopener\" target=\"_blank\" href=\"http:\/\/artangi.is\/index.php\/kryddjurtasalsa\/\">kryddjurtasalsa<\/a> <\/p>\n","protected":false},"excerpt":{"rendered":"<p>Salv\u00eda \u00e1 uppruna sinn \u00ed Mexik\u00f3. Salv\u00eda vex \u00ed skj\u00f3lg\u00f3\u00f0um bj\u00f6rtum g\u00f6r\u00f0um. Salv\u00eda hefur veri\u00f0 notu\u00f0 miki\u00f0 til l\u00e6kninga, \u00ed kjarnaol\u00edur, reykelsi og ilmbl\u00f6ndur. H\u00fan getur veri\u00f0 notu\u00f0 til a\u00f0 hreinsa burt illa anda. Keltar tr\u00fa\u00f0u \u00fev\u00ed a\u00f0 jurtin hef\u00f0i \u00fea\u00f0 mikinn m\u00e1tt a\u00f0 h\u00fan g\u00e6ti reist menn fr\u00e1 dau\u00f0um. Salv\u00eda er s\u00edgr\u00e6n og fj\u00f6l\u00e6r [&hellip;]<\/p>\n","protected":false},"author":1,"featured_media":0,"parent":350,"menu_order":0,"comment_status":"closed","ping_status":"closed","template":"","meta":{"_monsterinsights_skip_tracking":false,"_monsterinsights_sitenote_active":false,"_monsterinsights_sitenote_note":"","_monsterinsights_sitenote_category":0,"footnotes":""},"aioseo_notices":[],"_links":{"self":[{"href":"https:\/\/artangi.is\/index.php\/wp-json\/wp\/v2\/pages\/471"}],"collection":[{"href":"https:\/\/artangi.is\/index.php\/wp-json\/wp\/v2\/pages"}],"about":[{"href":"https:\/\/artangi.is\/index.php\/wp-json\/wp\/v2\/types\/page"}],"author":[{"embeddable":true,"href":"https:\/\/artangi.is\/index.php\/wp-json\/wp\/v2\/users\/1"}],"replies":[{"embeddable":true,"href":"https:\/\/artangi.is\/index.php\/wp-json\/wp\/v2\/comments?post=471"}],"version-history":[{"count":5,"href":"https:\/\/artangi.is\/index.php\/wp-json\/wp\/v2\/pages\/471\/revisions"}],"predecessor-version":[{"id":810,"href":"https:\/\/artangi.is\/index.php\/wp-json\/wp\/v2\/pages\/471\/revisions\/810"}],"up":[{"embeddable":true,"href":"https:\/\/artangi.is\/index.php\/wp-json\/wp\/v2\/pages\/350"}],"wp:attachment":[{"href":"https:\/\/artangi.is\/index.php\/wp-json\/wp\/v2\/media?parent=471"}],"curies":[{"name":"wp","href":"https:\/\/api.w.org\/{rel}","templated":true}]}}