{"id":475,"date":"2019-04-26T09:19:21","date_gmt":"2019-04-26T09:19:21","guid":{"rendered":"http:\/\/artangi.is\/?page_id=475"},"modified":"2019-05-01T12:54:26","modified_gmt":"2019-05-01T12:54:26","slug":"sinnepskal","status":"publish","type":"page","link":"https:\/\/artangi.is\/index.php\/kryddjurtir\/sinnepskal\/","title":{"rendered":"Sinnepsk\u00e1l"},"content":{"rendered":"\n<div class=\"wp-block-image\"><figure class=\"aligncenter\"><a href=\"http:\/\/artangi.is\/wp-content\/uploads\/2019\/04\/sinneps1.png\" target=\"_blank\" rel=\"noreferrer noopener\"><img loading=\"lazy\" decoding=\"async\" width=\"640\" height=\"480\" src=\"http:\/\/artangi.is\/wp-content\/uploads\/2019\/04\/sinneps1.png\" alt=\"\" class=\"wp-image-618\" srcset=\"https:\/\/artangi.is\/wp-content\/uploads\/2019\/04\/sinneps1.png 640w, https:\/\/artangi.is\/wp-content\/uploads\/2019\/04\/sinneps1-300x225.png 300w\" sizes=\"(max-width: 640px) 100vw, 640px\" \/><\/a><\/figure><\/div>\n\n\n\n<h5 class=\"wp-block-heading\">Er k\u00e1lplanta\nsem kemur a\u00f0 mestu fr\u00e1 As\u00edu. H\u00fan vill a\u00f0 mestu vera \u00ed hita og skj\u00f3li. \u00cd m\u00f6rgum\nl\u00f6ndum er h\u00fan notu\u00f0 \u00ed allskonar l\u00e6kningar, hrekja burt mosk\u00edt\u00f3 og sumir segja\na\u00f0 ef ma\u00f0ur leggur bla\u00f0 af k\u00e1linu \u00e1 enni\u00f0 \u00e1 s\u00e9r \u00fe\u00e1 minkar \u00fea\u00f0 h\u00f6fu\u00f0verk, svo\nf\u00e1tt eitt s\u00e9 nefnt. <\/h5>\n\n\n\n<h5 class=\"wp-block-heading\">Sinnepsk\u00e1l ver\u00f0ur u.\u00fe.b. 30-60 cm h\u00e1tt. Bl\u00f6\u00f0in geta or\u00f0i\u00f0 allt a\u00f0 15-30 cm l\u00f6ng og eru \u00feau me\u00f0 mj\u00faku sinnepsbrag\u00f0i. <\/h5>\n\n\n\n<h5 class=\"wp-block-heading\">Sinnepsk\u00e1l er mj\u00f6g gott \u00ed salat og me\u00f0 pasta. <\/h5>\n","protected":false},"excerpt":{"rendered":"<p>Er k\u00e1lplanta sem kemur a\u00f0 mestu fr\u00e1 As\u00edu. H\u00fan vill a\u00f0 mestu vera \u00ed hita og skj\u00f3li. \u00cd m\u00f6rgum l\u00f6ndum er h\u00fan notu\u00f0 \u00ed allskonar l\u00e6kningar, hrekja burt mosk\u00edt\u00f3 og sumir segja a\u00f0 ef ma\u00f0ur leggur bla\u00f0 af k\u00e1linu \u00e1 enni\u00f0 \u00e1 s\u00e9r \u00fe\u00e1 minkar \u00fea\u00f0 h\u00f6fu\u00f0verk, svo f\u00e1tt eitt s\u00e9 nefnt. Sinnepsk\u00e1l ver\u00f0ur u.\u00fe.b. [&hellip;]<\/p>\n","protected":false},"author":1,"featured_media":0,"parent":350,"menu_order":0,"comment_status":"closed","ping_status":"closed","template":"","meta":{"_monsterinsights_skip_tracking":false,"_monsterinsights_sitenote_active":false,"_monsterinsights_sitenote_note":"","_monsterinsights_sitenote_category":0,"footnotes":""},"aioseo_notices":[],"_links":{"self":[{"href":"https:\/\/artangi.is\/index.php\/wp-json\/wp\/v2\/pages\/475"}],"collection":[{"href":"https:\/\/artangi.is\/index.php\/wp-json\/wp\/v2\/pages"}],"about":[{"href":"https:\/\/artangi.is\/index.php\/wp-json\/wp\/v2\/types\/page"}],"author":[{"embeddable":true,"href":"https:\/\/artangi.is\/index.php\/wp-json\/wp\/v2\/users\/1"}],"replies":[{"embeddable":true,"href":"https:\/\/artangi.is\/index.php\/wp-json\/wp\/v2\/comments?post=475"}],"version-history":[{"count":3,"href":"https:\/\/artangi.is\/index.php\/wp-json\/wp\/v2\/pages\/475\/revisions"}],"predecessor-version":[{"id":812,"href":"https:\/\/artangi.is\/index.php\/wp-json\/wp\/v2\/pages\/475\/revisions\/812"}],"up":[{"embeddable":true,"href":"https:\/\/artangi.is\/index.php\/wp-json\/wp\/v2\/pages\/350"}],"wp:attachment":[{"href":"https:\/\/artangi.is\/index.php\/wp-json\/wp\/v2\/media?parent=475"}],"curies":[{"name":"wp","href":"https:\/\/api.w.org\/{rel}","templated":true}]}}