{"id":481,"date":"2019-04-26T09:23:14","date_gmt":"2019-04-26T09:23:14","guid":{"rendered":"http:\/\/artangi.is\/?page_id=481"},"modified":"2019-05-01T12:55:03","modified_gmt":"2019-05-01T12:55:03","slug":"sitronuverbena","status":"publish","type":"page","link":"https:\/\/artangi.is\/index.php\/kryddjurtir\/sitronuverbena\/","title":{"rendered":"S\u00edtr\u00f3nuverbena"},"content":{"rendered":"\n<div class=\"wp-block-image\"><figure class=\"aligncenter\"><a href=\"http:\/\/artangi.is\/wp-content\/uploads\/2019\/04\/verblem.jpg\" target=\"_blank\" rel=\"noreferrer noopener\"><img loading=\"lazy\" decoding=\"async\" width=\"300\" height=\"400\" src=\"http:\/\/artangi.is\/wp-content\/uploads\/2019\/04\/verblem.jpg\" alt=\"\" class=\"wp-image-620\" srcset=\"https:\/\/artangi.is\/wp-content\/uploads\/2019\/04\/verblem.jpg 300w, https:\/\/artangi.is\/wp-content\/uploads\/2019\/04\/verblem-225x300.jpg 225w\" sizes=\"(max-width: 300px) 100vw, 300px\" \/><\/a><\/figure><\/div>\n\n\n\n<h5 class=\"wp-block-heading\">S\u00edtr\u00f3nuverbena\ner upprunnin \u00ed su\u00f0ur Ameriku og var flutt til Evr\u00f3pu me\u00f0 sp\u00e1nverjum og port\u00fag\u00f6lum\n\u00e1 17 \u00f6ld.<\/h5>\n\n\n\n<h5 class=\"wp-block-heading\">S\u00edtr\u00f3nuverbena er hitabeltisplanta sem getur or\u00f0i\u00f0 allt a\u00f0 2-3 m \u00e1 h\u00e6\u00f0. Laufbl\u00f6\u00f0in eru 8 cm l\u00f6ng, \u00feau eru l\u00edtilega h\u00f6r\u00f0 vi\u00f0komu og gefa fr\u00e1 s\u00e9r sterka s\u00edtr\u00f3nulykt \u00feegar \u00feau eru marin. Bl\u00f3min eru l\u00edtil, hv\u00edt e\u00f0a fj\u00f3lubl\u00e1. H\u00fan \u00feolir illa kulda og fellir laufin vi\u00f0 0\u00b0C. <\/h5>\n\n\n\n<h5 class=\"wp-block-heading\">S\u00edtr\u00f3nuverbena er notu\u00f0 \u00ed fisk- og sv\u00ednar\u00e9tti, gr\u00e6nmetis marineringar, sal\u00f6t dressingar, sultu og eftirr\u00e9tti. H\u00fan er l\u00edka mj\u00f6g g\u00f3\u00f0 \u00ed te og sorbet. <\/h5>\n","protected":false},"excerpt":{"rendered":"<p>S\u00edtr\u00f3nuverbena er upprunnin \u00ed su\u00f0ur Ameriku og var flutt til Evr\u00f3pu me\u00f0 sp\u00e1nverjum og port\u00fag\u00f6lum \u00e1 17 \u00f6ld. S\u00edtr\u00f3nuverbena er hitabeltisplanta sem getur or\u00f0i\u00f0 allt a\u00f0 2-3 m \u00e1 h\u00e6\u00f0. Laufbl\u00f6\u00f0in eru 8 cm l\u00f6ng, \u00feau eru l\u00edtilega h\u00f6r\u00f0 vi\u00f0komu og gefa fr\u00e1 s\u00e9r sterka s\u00edtr\u00f3nulykt \u00feegar \u00feau eru marin. Bl\u00f3min eru l\u00edtil, hv\u00edt e\u00f0a [&hellip;]<\/p>\n","protected":false},"author":1,"featured_media":0,"parent":350,"menu_order":0,"comment_status":"closed","ping_status":"closed","template":"","meta":{"_monsterinsights_skip_tracking":false,"_monsterinsights_sitenote_active":false,"_monsterinsights_sitenote_note":"","_monsterinsights_sitenote_category":0,"footnotes":""},"aioseo_notices":[],"_links":{"self":[{"href":"https:\/\/artangi.is\/index.php\/wp-json\/wp\/v2\/pages\/481"}],"collection":[{"href":"https:\/\/artangi.is\/index.php\/wp-json\/wp\/v2\/pages"}],"about":[{"href":"https:\/\/artangi.is\/index.php\/wp-json\/wp\/v2\/types\/page"}],"author":[{"embeddable":true,"href":"https:\/\/artangi.is\/index.php\/wp-json\/wp\/v2\/users\/1"}],"replies":[{"embeddable":true,"href":"https:\/\/artangi.is\/index.php\/wp-json\/wp\/v2\/comments?post=481"}],"version-history":[{"count":3,"href":"https:\/\/artangi.is\/index.php\/wp-json\/wp\/v2\/pages\/481\/revisions"}],"predecessor-version":[{"id":813,"href":"https:\/\/artangi.is\/index.php\/wp-json\/wp\/v2\/pages\/481\/revisions\/813"}],"up":[{"embeddable":true,"href":"https:\/\/artangi.is\/index.php\/wp-json\/wp\/v2\/pages\/350"}],"wp:attachment":[{"href":"https:\/\/artangi.is\/index.php\/wp-json\/wp\/v2\/media?parent=481"}],"curies":[{"name":"wp","href":"https:\/\/api.w.org\/{rel}","templated":true}]}}