{"id":489,"date":"2019-04-26T09:32:09","date_gmt":"2019-04-26T09:32:09","guid":{"rendered":"http:\/\/artangi.is\/?page_id=489"},"modified":"2019-05-01T12:55:40","modified_gmt":"2019-05-01T12:55:40","slug":"steinselja-2","status":"publish","type":"page","link":"https:\/\/artangi.is\/index.php\/kryddjurtir\/steinselja-2\/","title":{"rendered":"Steinselja"},"content":{"rendered":"\n<div class=\"wp-block-image\"><figure class=\"aligncenter\"><a href=\"http:\/\/artangi.is\/wp-content\/uploads\/2019\/04\/steinselja5.png\" target=\"_blank\" rel=\"noreferrer noopener\"><img loading=\"lazy\" decoding=\"async\" width=\"400\" height=\"640\" src=\"http:\/\/artangi.is\/wp-content\/uploads\/2019\/04\/steinselja5.png\" alt=\"\" class=\"wp-image-531\" srcset=\"https:\/\/artangi.is\/wp-content\/uploads\/2019\/04\/steinselja5.png 400w, https:\/\/artangi.is\/wp-content\/uploads\/2019\/04\/steinselja5-188x300.png 188w\" sizes=\"(max-width: 400px) 100vw, 400px\" \/><\/a><\/figure><\/div>\n\n\n\n<h5 class=\"wp-block-heading\">Steinselja \u00e1\ns\u00e9r langa s\u00f6gu en tali\u00f0 er a\u00f0 h\u00fan s\u00e9 upprunin \u00ed Grikklandi og Ital\u00edu. Grikkir\nnotu\u00f0u hana til a\u00f0 skreyta grafir hina l\u00e1tnu en R\u00f3mverjar notu\u00f0u hana til a\u00f0\nminnka lykt af \u00e1fengi og til a\u00f0 laga meltingu. Sumsta\u00f0ar \u00e1 mi\u00f0\u00f6ldum var tali\u00f0\na\u00f0 steinselja v\u00e6ri galdrajurt og a\u00f0 \u00feeir sem \u00e1ttu fr\u00e6 til a\u00f0 s\u00e1 henni hef\u00f0u\nfer\u00f0ast sj\u00f6 sinnum til heljar og til baka aftur til a\u00f0 n\u00e1 \u00ed \u00fea\u00f0, svo margir\n\u00feor\u00f0u ekki a\u00f0 r\u00e6kta hana.<\/h5>\n\n\n\n<h5 class=\"wp-block-heading\">Steinselja er tv\u00ed\u00e6r og&nbsp; getur or\u00f0i\u00f0 50-90 cm \u00e1 h\u00e6\u00f0. Hver bla\u00f0st\u00f6ngull getur or\u00f0i\u00f0 10-25 cm langur og laufin eru um 3-10 cm l\u00f6ng. \u00c1 fyrsta \u00e1ri er h\u00fan fallega gr\u00e6n me\u00f0 miki\u00f0 af laufi en \u00e1 \u00f6\u00f0ru \u00e1ri bl\u00f3mgast h\u00fan og ber fr\u00e6. Steinseljan vill mikla birtu og v\u00f6kvun og s\u00e9 h\u00fan h\u00f6f\u00f0 inni \u00fearf h\u00fan a\u00f0 v\u00f6kvast \u00ed sk\u00e1lina \u00e1 hverjum degi me\u00f0 \u00e1bur\u00f0i. <\/h5>\n\n\n\n<h5 class=\"wp-block-heading\">Steinselja er miki\u00f0 notu\u00f0 um allan heim og er mj\u00f6g g\u00f3\u00f0 \u00ed kryddol\u00edur, \u00e1 kj\u00f6ti\u00f0 , fiskinn, me\u00f0 fuglakj\u00f6ti, \u00ed pasta, s\u00fapur, heitar og kaldar s\u00f3sur, \u00ed salat og b\u00fast. Einnig er h\u00fan miki\u00f0 notu\u00f0 til skrauts. <\/h5>\n","protected":false},"excerpt":{"rendered":"<p>Steinselja \u00e1 s\u00e9r langa s\u00f6gu en tali\u00f0 er a\u00f0 h\u00fan s\u00e9 upprunin \u00ed Grikklandi og Ital\u00edu. Grikkir notu\u00f0u hana til a\u00f0 skreyta grafir hina l\u00e1tnu en R\u00f3mverjar notu\u00f0u hana til a\u00f0 minnka lykt af \u00e1fengi og til a\u00f0 laga meltingu. Sumsta\u00f0ar \u00e1 mi\u00f0\u00f6ldum var tali\u00f0 a\u00f0 steinselja v\u00e6ri galdrajurt og a\u00f0 \u00feeir sem \u00e1ttu fr\u00e6 [&hellip;]<\/p>\n","protected":false},"author":1,"featured_media":0,"parent":350,"menu_order":0,"comment_status":"closed","ping_status":"closed","template":"","meta":{"_monsterinsights_skip_tracking":false,"_monsterinsights_sitenote_active":false,"_monsterinsights_sitenote_note":"","_monsterinsights_sitenote_category":0,"footnotes":""},"aioseo_notices":[],"_links":{"self":[{"href":"https:\/\/artangi.is\/index.php\/wp-json\/wp\/v2\/pages\/489"}],"collection":[{"href":"https:\/\/artangi.is\/index.php\/wp-json\/wp\/v2\/pages"}],"about":[{"href":"https:\/\/artangi.is\/index.php\/wp-json\/wp\/v2\/types\/page"}],"author":[{"embeddable":true,"href":"https:\/\/artangi.is\/index.php\/wp-json\/wp\/v2\/users\/1"}],"replies":[{"embeddable":true,"href":"https:\/\/artangi.is\/index.php\/wp-json\/wp\/v2\/comments?post=489"}],"version-history":[{"count":5,"href":"https:\/\/artangi.is\/index.php\/wp-json\/wp\/v2\/pages\/489\/revisions"}],"predecessor-version":[{"id":815,"href":"https:\/\/artangi.is\/index.php\/wp-json\/wp\/v2\/pages\/489\/revisions\/815"}],"up":[{"embeddable":true,"href":"https:\/\/artangi.is\/index.php\/wp-json\/wp\/v2\/pages\/350"}],"wp:attachment":[{"href":"https:\/\/artangi.is\/index.php\/wp-json\/wp\/v2\/media?parent=489"}],"curies":[{"name":"wp","href":"https:\/\/api.w.org\/{rel}","templated":true}]}}