{"id":499,"date":"2019-04-26T09:38:30","date_gmt":"2019-04-26T09:38:30","guid":{"rendered":"http:\/\/artangi.is\/?page_id=499"},"modified":"2019-05-01T12:56:46","modified_gmt":"2019-05-01T12:56:46","slug":"raud-sura","status":"publish","type":"page","link":"https:\/\/artangi.is\/index.php\/kryddjurtir\/surur\/raud-sura\/","title":{"rendered":"Rau\u00f0 s\u00fara"},"content":{"rendered":"\n<div class=\"wp-block-image\"><figure class=\"aligncenter\"><a href=\"http:\/\/artangi.is\/wp-content\/uploads\/2019\/04\/raudsur1.png\" target=\"_blank\" rel=\"noreferrer noopener\"><img loading=\"lazy\" decoding=\"async\" width=\"640\" height=\"480\" src=\"http:\/\/artangi.is\/wp-content\/uploads\/2019\/04\/raudsur1.png\" alt=\"\" class=\"wp-image-624\" srcset=\"https:\/\/artangi.is\/wp-content\/uploads\/2019\/04\/raudsur1.png 640w, https:\/\/artangi.is\/wp-content\/uploads\/2019\/04\/raudsur1-300x225.png 300w\" sizes=\"(max-width: 640px) 100vw, 640px\" \/><\/a><\/figure><\/div>\n\n\n\n<h5 class=\"wp-block-heading\">L\u00edkt og gr\u00e6n s\u00fara er \u00feetta afbrig\u00f0i af hundas\u00faru. H\u00fan er ekki\neins algeng en vex \u00fe\u00f3 \u00e1 m\u00f6rgum st\u00f6\u00f0um og sumsta\u00f0ar \u00e1litin illgresi.<\/h5>\n\n\n\n<h5 class=\"wp-block-heading\">Rau\u00f0 s\u00fara er fj\u00f6l\u00e6r. H\u00fan er me\u00f0 lime-gr\u00e6num bl\u00f6\u00f0um me\u00f0 rau\u00f0um \u00e6\u00f0um. H\u00fan ver\u00f0ur ekki h\u00e1vaxin e\u00f0a um 30 cm \u00e1 h\u00e6\u00f0. H\u00fan \u00fearf miki\u00f0 lj\u00f3s og mikla v\u00f6kvun. Betra er a\u00f0 setja hana ni\u00f0ur utan dyra en s\u00e9 h\u00fan h\u00f6f\u00f0 inni skal h\u00fan v\u00f6kvast \u00ed sk\u00e1lina hvern dag me\u00f0 \u00e1bur\u00f0i. <\/h5>\n\n\n\n<h5 class=\"wp-block-heading\">\u00cd As\u00edu er h\u00fan oft notu\u00f0 so\u00f0in \u00ed s\u00fapu, \u00ed s\u00f3su me\u00f0 fiski e\u00f0a kj\u00fakling e\u00f0a til a\u00f0 vefja utan um fisk e\u00f0a kj\u00f6t. Mj\u00f6g g\u00f3\u00f0 \u00ed salat, kaldar s\u00f3sur og kryddol\u00edur. <\/h5>\n","protected":false},"excerpt":{"rendered":"<p>L\u00edkt og gr\u00e6n s\u00fara er \u00feetta afbrig\u00f0i af hundas\u00faru. H\u00fan er ekki eins algeng en vex \u00fe\u00f3 \u00e1 m\u00f6rgum st\u00f6\u00f0um og sumsta\u00f0ar \u00e1litin illgresi. Rau\u00f0 s\u00fara er fj\u00f6l\u00e6r. H\u00fan er me\u00f0 lime-gr\u00e6num bl\u00f6\u00f0um me\u00f0 rau\u00f0um \u00e6\u00f0um. H\u00fan ver\u00f0ur ekki h\u00e1vaxin e\u00f0a um 30 cm \u00e1 h\u00e6\u00f0. H\u00fan \u00fearf miki\u00f0 lj\u00f3s og mikla v\u00f6kvun. Betra er [&hellip;]<\/p>\n","protected":false},"author":1,"featured_media":0,"parent":492,"menu_order":0,"comment_status":"closed","ping_status":"closed","template":"","meta":{"_monsterinsights_skip_tracking":false,"_monsterinsights_sitenote_active":false,"_monsterinsights_sitenote_note":"","_monsterinsights_sitenote_category":0,"footnotes":""},"aioseo_notices":[],"_links":{"self":[{"href":"https:\/\/artangi.is\/index.php\/wp-json\/wp\/v2\/pages\/499"}],"collection":[{"href":"https:\/\/artangi.is\/index.php\/wp-json\/wp\/v2\/pages"}],"about":[{"href":"https:\/\/artangi.is\/index.php\/wp-json\/wp\/v2\/types\/page"}],"author":[{"embeddable":true,"href":"https:\/\/artangi.is\/index.php\/wp-json\/wp\/v2\/users\/1"}],"replies":[{"embeddable":true,"href":"https:\/\/artangi.is\/index.php\/wp-json\/wp\/v2\/comments?post=499"}],"version-history":[{"count":4,"href":"https:\/\/artangi.is\/index.php\/wp-json\/wp\/v2\/pages\/499\/revisions"}],"predecessor-version":[{"id":817,"href":"https:\/\/artangi.is\/index.php\/wp-json\/wp\/v2\/pages\/499\/revisions\/817"}],"up":[{"embeddable":true,"href":"https:\/\/artangi.is\/index.php\/wp-json\/wp\/v2\/pages\/492"}],"wp:attachment":[{"href":"https:\/\/artangi.is\/index.php\/wp-json\/wp\/v2\/media?parent=499"}],"curies":[{"name":"wp","href":"https:\/\/api.w.org\/{rel}","templated":true}]}}